s = -3*b + 39. Suppose 3*n = g*n - s. What is the units digit of n?
6
Suppose -z - 10 = -3*z. Let o(j) = -j**3 + 6*j**2 - 4*j - 3. Let u be o(z). Suppose k = -5*g + 66, -2*g - 3 = -u*k - 27. What is the units digit of g?
3
Let o = -3 - 12. Let l = o + 6. What is the units digit of 30/l*12/(-10)?
4
What is the tens digit of 1 + -1 + (-111)/(-3)?
3
Let l(j) = -j**3 - j**2 + 5*j + 2. Let r be l(-3). Suppose 0 = -3*p - s + r, -3*p + s - 3 = -2*s. What is the units digit of p?
1
Suppose t + 4 = 3*t. Let q = t + -4. What is the units digit of q - -7 - 1*2?
3
Let g(z) = -15*z. Let m(x) = x**3 + 7*x**2 - 2*x - 2. Let n be m(-7). Let d(s) = 6*s. Let c(r) = n*d(r) + 5*g(r). What is the tens digit of c(-7)?
2
Suppose 0 = -9*o + 552 + 1509. What is the units digit of o?
9
Let v = 332 - 138. What is the hundreds digit of v?
1
Let v(d) be the third derivative of 5*d**4/24 - d**3/2 + 3*d**2. What is the tens digit of v(3)?
1
Let y be (-2)/(4/(-6)) + 0. Let l be 6/y*(-1)/(-1). Suppose b + 20 = 4*o, -2*o + 16 = -0*o - l*b. What is the units digit of o?
4
Let w be (1 - 3)*(1 + -2). Suppose -w*v = 1 - 3. What is the units digit of v?
1
Let r = 3 - 0. Let w be 24/((-3)/r - -2). Suppose -w = -2*p - p. What is the units digit of p?
8
Suppose z - 62 = 145. What is the hundreds digit of z?
2
Let q(m) = 2*m**2 - 3*m + 1. Let b be q(2). Let x(n) = 2*n**2 - n. Let g(a) = -3*a**2 + a + 1. Let c(v) = 3*g(v) + 5*x(v). What is the units digit of c(b)?
6
Suppose -10 = -2*m - 0. Let x = -5 + m. Suppose x*g = -g + 8. What is the units digit of g?
8
Suppose -4*q - q = -125. What is the tens digit of q?
2
Suppose 3*b - 6*b + 174 = 0. What is the units digit of b?
8
Let z(s) = s**3 + 5*s**2 + 3*s - 3. Let r be z(-3). Suppose -4*v + 14 = -r. Suppose -v*p + 12 = 4*w, 0 = 5*p - 2 + 22. What is the units digit of w?
8
Suppose 139 = 4*o - 73. What is the tens digit of o?
5
Let k = 31 + -197. What is the tens digit of (-2)/(-8) - k/8?
2
Let n = -454 - -675. What is the hundreds digit of n?
2
Let w(g) = -g + 2. What is the units digit of w(-11)?
3
Suppose 0 = 6*a - 3*a + 18. Let h(g) = -2*g + 5. What is the tens digit of h(a)?
1
Suppose 33 = 2*o - 63. What is the tens digit of o?
4
Let n be -2 + 1 - (2 + -4). Suppose -v = -2 - n, 0 = 5*x + 3*v - 204. What is the units digit of x?
9
Suppose -r - 8 = -3*r. Suppose 0*k + r*k = 12. Let l = -1 + k. What is the units digit of l?
2
Let k(p) = p**2 - 4*p + 4. Let d be k(3). Suppose -d = f - 2*f. Let x(o) = o**3 + o**2 - 1. What is the units digit of x(f)?
1
Let h = 221 - 126. What is the tens digit of h?
9
Suppose -2 = 2*h - 34. Let s = h - 31. What is the units digit of -1*5/(s/6)?
2
Suppose -55 = 5*z - 0. Let y(m) = -m + 11. What is the tens digit of y(z)?
2
Let r be 8/(-3)*(-75)/20. What is the tens digit of (-86)/(-6) - r/(-15)?
1
Suppose 36 = d - 5*t, -5*d = t - 31 - 19. Suppose -2*c + 1 = -4*u + 9, 5*u - 2*c = d. Suppose 12 = 6*z - u*z. What is the units digit of z?
4
Let f(k) = -k**3 + 6*k**2 - 2*k + 5. Let i(d) = -d + 1. Let x be i(-3). What is the tens digit of f(x)?
2
Suppose -71 = 2*g - 5*u - 20, 2*g = 2*u - 36. Suppose 0 = 3*p + 4*d + 53, -3*p - d - 56 = -0*d. Let w = g - p. What is the units digit of w?
6
Let t = 11 + -7. Let a = 7 - t. What is the units digit of a?
3
Let w be 21/(-9)*(2 - -1). Let g = w - -2. Let y(k) = k**2 + 4*k + 1. What is the units digit of y(g)?
6
Let m = 1 + 0. Let d(r) = -r**2 + 2*r - 1. Let k be d(m). Suppose k = -l + u - 3*u + 9, u + 3 = l. What is the units digit of l?
5
Let v(k) be the first derivative of 2 + 1/4*k**4 + 5/3*k**3 + 2*k**2 + 4*k. What is the tens digit of v(-3)?
1
Let l be 2*(-1 + (-14)/(-4)). Suppose -l*m = -m. Suppose 2*n + m = 2. What is the units digit of n?
1
Let v = 103 + -51. What is the tens digit of v?
5
Let k(r) be the second derivative of -r**3/2 - 2*r. What is the units digit of k(-2)?
6
Let v be 2*(-1 + (-6)/4). Let i(b) = b**2 + 8*b - 12. Let f be i(-9). What is the units digit of (f/(-5))/((-1)/v)?
3
Let p(g) = -2*g + 19. What is the units digit of p(-15)?
9
Let y be (-36)/(-10) - (-18)/(-30). Suppose -23 = -5*q - 3. Suppose -y*n + 2 = -q. What is the units digit of n?
2
Let p = 102 + -103. Let m(f) be the third derivative of -5*f**4/8 + f**3/6 - f**2. What is the tens digit of m(p)?
1
Let c(i) = 2*i - 4. Let o be c(4). What is the units digit of o/(5 - 3) + 13?
5
Let v = -12 + 12. Suppose v = -0*c - 3*c + 102. What is the tens digit of c?
3
Let r(q) = q**3 + 2*q**2 - 2*q - 3. Let o be r(-3). Let x = 10 + o. What is the units digit of x?
4
Suppose 0 = -2*t + 5*s - 3, -3*t + 1 = 2*s - 4*s. Suppose -5*w + 16 = t. Suppose -w*r + 3*q = -0*r - 12, -r = 4*q - 24. What is the units digit of r?
8
What is the units digit of 88/3*(-45)/(-6)?
0
Let f(k) = -7*k + 4. Let s be f(3). Let p = s - -31. What is the units digit of p?
4
Let b be (-2)/1*(-3)/(-6). Let l = b - -5. What is the units digit of l?
4
Suppose -6*j + 1 = -5*j. What is the units digit of j/((-104)/36 - -3)?
9
Let i(n) be the third derivative of 1/60*n**5 + 0 - 1/12*n**4 + 0*n - 1/3*n**3 - 2*n**2. What is the units digit of i(-2)?
6
Let a be 3 + -3 + (-10 - 2). Let m be 9/6*(-8)/6. Let j = m - a. What is the units digit of j?
0
Let a = -1 + 1. Let t(u) = -u - 9. Let c be t(-12). Suppose a = -c*f - 2 + 11. What is the units digit of f?
3
Suppose -2*p - 5*w + 171 = -37, -3*w - 115 = -p. What is the tens digit of p?
0
Let c(m) = 45*m**3 + m**2. What is the tens digit of c(1)?
4
Let n(t) = -t**3 + 12*t**2 - 6*t + 14. What is the units digit of n(10)?
4
Suppose -1 + 7 = 6*v. What is the units digit of v?
1
Let b(o) = 13*o**3 - 215*o + 215*o + 1 - 2*o**2. Suppose 4*l - 3 = 1. What is the units digit of b(l)?
2
Suppose 3*y = -0*y + 195. What is the units digit of y?
5
Let k(t) = t + 1. Let h be k(5). Suppose 3*o + 178 = h*x - x, 3*x - 122 = -2*o. What is the units digit of x?
8
Let f = 5 + 12. Let i = f + -9. What is the tens digit of 30*(-1 - i/(-6))?
1
Suppose 2*v = -2, -2*c - 5*v + 30 + 23 = 0. What is the units digit of c?
9
Suppose -j + 3*j + 20 = 0. Let k = 18 + j. What is the units digit of k?
8
What is the tens digit of 744/7 + (-5 - (-198)/42)?
0
What is the units digit of 15/(-2)*-1*(-82)/(-123)?
5
Suppose -5*r = -2*r + 33. Let h be ((-111)/6 + 2)*2. What is the units digit of (-6)/h + (-53)/r?
5
Let v(u) = 2*u**2 + 4*u + 3. Suppose 5 = -3*x - 1. Let n be x/(-7) + 32/(-14). What is the units digit of v(n)?
3
Let j be (-3)/(-3) - 2 - 5. Let u be j/(((-9)/(-12))/(-1)). Suppose 0*q - 2*q = -4*z - 32, 0 = -2*q - 2*z + u. What is the units digit of q?
8
Suppose 20 = 3*g - 4. What is the units digit of g?
8
Let y(f) = -f**3 - 5*f**2 + 2. Suppose -q - 5 = -0*q. What is the units digit of y(q)?
2
Suppose -p + 22 = -0*p. Let y = -3 + p. What is the tens digit of y?
1
Let n = 202 + -86. What is the hundreds digit of n?
1
Let h(d) = -2*d + 4. Let t be h(-4). Let l = t - 6. What is the units digit of l?
6
Suppose 5*a - 2*k = 553, -a - 4*a - k = -556. Suppose 4*o - 5*p - 83 = -0*o, -5*o = p - a. What is the tens digit of o?
2
Let x = 6 - 4. Let j be (1 - x/1)/(-1). Let f = j + 1. What is the units digit of f?
2
Suppose -2*v = -v - 21. Suppose 3*c - v = 2*c. What is the tens digit of c?
2
Suppose 7 - 1 = 3*b. Suppose -b*a + a = -3*c + 24, 3*a = c - 16. Suppose -4*s + 2*q - c*q + 21 = 0, q - 21 = -5*s. What is the units digit of s?
4
Suppose -g = -4*g. Suppose 2*j - 24 - 54 = g. What is the tens digit of j?
3
Let p be (4/(-6))/(2/(-6)). Suppose 0*w + p = w. Suppose 5*r - 5*g = 10, 2*g + 8 = 6*r - w*r. What is the units digit of r?
2
Let y = -33 + 48. What is the units digit of y?
5
Let b(a) = -21*a + 5. Let p be b(-5). Suppose -2*v + p = 3*v. What is the tens digit of v?
2
Suppose -5*d + 6*d - 221 = -4*h, -d + 5*h + 203 = 0. What is the hundreds digit of d?
2
What is the units digit of -2 + (-15)/(-6) - (-726)/12?
1
Let m = -7 + 4. Suppose 2*f - 3*t = 5*f, -3 = -5*f - 2*t. Let i = f - m. What is the units digit of i?
4
Let u(m) be the third derivative of -m**4/8 + 2*m**3/3 + 2*m**2. What is the tens digit of u(-3)?
1
Let z be -3 - (-9 + (1 - 0)). Suppose -z*j + 6*j = 4. What is the units digit of j?
4
Suppose -4 = -0*w + 4*w. What is the tens digit of 12*w*(-12)/9?
1
Suppose 5*w - 217 = -3*g, -5*w + 4*g - 25 = -249. What is th